2?
5
What is the units digit of 458?
8
What is the units digit of 5908?
8
What is the units digit of 6043?
3
What is the tens digit of 1777?
7
What is the units digit of 469?
9
What is the thousands digit of 1502?
1
What is the thousands digit of 1413?
1
What is the thousands digit of 1390?
1
What is the ten thousands digit of 40583?
4
What is the thousands digit of 6110?
6
What is the units digit of 131286?
6
What is the units digit of 16727?
7
What is the units digit of 453?
3
What is the units digit of 5034?
4
What is the tens digit of 26262?
6
What is the ten thousands digit of 23527?
2
What is the thousands digit of 16988?
6
What is the tens digit of 3935?
3
What is the tens digit of 476?
7
What is the units digit of 1392?
2
What is the hundreds digit of 2365?
3
What is the tens digit of 1686?
8
What is the tens digit of 38230?
3
What is the hundreds digit of 9185?
1
What is the ten thousands digit of 18602?
1
What is the tens digit of 11654?
5
What is the tens digit of 12736?
3
What is the ten thousands digit of 15661?
1
What is the thousands digit of 75437?
5
What is the hundreds digit of 306?
3
What is the hundreds digit of 3083?
0
What is the hundreds digit of 2358?
3
What is the hundreds digit of 9352?
3
What is the hundreds digit of 421?
4
What is the ten thousands digit of 133853?
3
What is the tens digit of 555?
5
What is the hundreds digit of 86292?
2
What is the thousands digit of 31368?
1
What is the tens digit of 905?
0
What is the thousands digit of 21679?
1
What is the hundreds digit of 13608?
6
What is the tens digit of 24314?
1
What is the thousands digit of 2344?
2
What is the thousands digit of 13438?
3
What is the hundreds digit of 500?
5
What is the hundreds digit of 37625?
6
What is the units digit of 1199?
9
What is the units digit of 20666?
6
What is the hundreds digit of 47606?
6
What is the units digit of 49103?
3
What is the hundreds digit of 741?
7
What is the units digit of 901?
1
What is the thousands digit of 3543?
3
What is the hundreds digit of 4270?
2
What is the ten thousands digit of 84475?
8
What is the hundreds digit of 71575?
5
What is the tens digit of 3179?
7
What is the units digit of 58?
8
What is the units digit of 2994?
4
What is the tens digit of 3782?
8
What is the hundreds digit of 57495?
4
What is the hundreds digit of 160570?
5
What is the thousands digit of 29973?
9
What is the hundreds digit of 1346?
3
What is the units digit of 15533?
3
What is the units digit of 1847?
7
What is the ten thousands digit of 37168?
3
What is the hundreds digit of 59322?
3
What is the hundreds digit of 68457?
4
What is the tens digit of 45546?
4
What is the hundreds digit of 6406?
4
What is the units digit of 696?
6
What is the hundreds digit of 216?
2
What is the hundreds digit of 21156?
1
What is the thousands digit of 12751?
2
What is the tens digit of 4891?
9
What is the thousands digit of 3005?
3
What is the tens digit of 24674?
7
What is the hundreds digit of 30205?
2
What is the tens digit of 1158?
5
What is the hundreds digit of 2369?
3
What is the ten thousands digit of 24255?
2
What is the units digit of 22576?
6
What is the units digit of 2885?
5
What is the units digit of 57547?
7
What is the units digit of 46781?
1
What is the tens digit of 1901?
0
What is the units digit of 1326?
6
What is the thousands digit of 1342?
1
What is the tens digit of 268?
6
What is the tens digit of 11494?
9
What is the tens digit of 31190?
9
What is the thousands digit of 35949?
5
What is the tens digit of 1600?
0
What is the hundred thousands digit of 115491?
1
What is the thousands digit of 15274?
5
What is the hundreds digit of 15373?
3
What is the units digit of 25391?
1
What is the tens digit of 180?
8
What is the units digit of 30829?
9
What is the hundreds digit of 54518?
5
What is the hundreds digit of 932?
9
What is the hundreds digit of 11301?
3
What is the units digit of 11153?
3
What is the hundreds digit of 131?
1
What is the tens digit of 84?
8
What is the ten thousands digit of 44979?
4
What is the thousands digit of 14093?
4
What is the tens digit of 2584?
8
What is the thousands digit of 27230?
7
What is the units digit of 58450?
0
What is the thousands digit of 4444?
4
What is the thousands digit of 9319?
9
What is the thousands digit of 60353?
0
What is the units digit of 12311?
1
What is the hundreds digit of 45371?
3
What is the units digit of 10657?
7
What is the ten thousands digit of 14164?
1
What is the hundreds digit of 12643?
6
What is the units digit of 53870?
0
What is the units digit of 20516?
6
What is the thousands digit of 1268?
1
What is the units digit of 126136?
6
What is the hundreds digit of 111047?
0
What is the thousands digit of 3884?
3
What is the ten thousands digit of 42179?
4
What is the units digit of 21223?
3
What is the units digit of 854?
4
What is the tens digit of 27429?
2
What is the thousands digit of 3732?
3
What is the hundreds digit of 1954?
9
What is the hundreds digit of 45934?
9
What is the hundred thousands digit of 152431?
1
What is the units digit of 342?
2
What is the units digit of 21534?
4
What is the units digit of 57?
7
What is the ten thousands digit of 12587?
1
What is the hundreds digit of 632?
6
What is the hundreds digit of 1062?
0
What is the hundreds digit of 551?
5
What is the hundreds digit of 644?
6
What is the thousands digit of 4429?
4
What is the units digit of 5951?
1
What is the thousands digit of 3325?
3
What is the hundreds digit of 31483?
4
What is the units digit of 8391?
1
What is the hundreds digit of 26268?
2
What is the tens digit of 76?
7
What is the units digit of 41488?
8
What is the units digit of 11500?
0
What is the thousands digit of 9773?
9
What is the hundreds digit of 385?
3
What is the thousands digit of 2388?
2
What is the hundreds digit of 1313?
3
What is the tens digit of 3051?
5
What is the units digit of 28228?
8
What is the hundreds digit of 921?
9
What is the hundreds digit of 533?
5
What is the ten thousands digit of 27992?
2
What is the units digit of 3620?
0
What is the units digit of 60782?
2
What is the units digit of 5334?
4
What is the tens digit of 11980?
8
What is the units digit of 139386?
6
What is the hundreds digit of 2079?
0
What is the tens digit of 2634?
3
What is the units digit of 8926?
6
What is the tens digit of 1653?
5
What is the thousands digit of 2784?
2
What is the hundreds digit of 3268?
2
What is the ten thousands digit of 17185?
1
What is the ten thousands digit of 34146?
3
What is the tens digit of 3973?
7
What is the tens digit of 3409?
0
What is the tens digit of 12045?
4
What is the hundreds digit of 12023?
0
What is the tens digit of 310?
1
What is the units digit of 39581?
1
What is the hundreds digit of 7376?
3
What is the units digit of 73170?
0
What is the thousands digit of 6998?
6
What is the ten thousands digit of 12230?
1
What is the tens digit of 396?
9
What is the units digit of 381?
1
What is the thousands digit of 6596?
6
What is the thousands digit of 1797?
1
What is the units digit of 77851?
1
What is the hundreds digit of 2687?
6
What is the ten thousands digit of 35474?
3
What is the hundreds digit of 739?
7
What is the units digit of 18914?
4
What is the units digit of 1372?
2
What is the thousands digit of 15626?
5
What is the ten thousands digit of 48096?
4
What is the thousands digit of 174723?
4
What is the hundreds digit of 5529?
5
What is the units digit of 36099?
9
What is the units digit of 27252?
2
What is the hundreds digit of 2711?
7
What is the hundreds digit of 24025?
0
What is the hundreds digit of 2386?
3
What is the hundreds digit of 65574?
5
What is the tens digit of 201?
0
What is the ten thousands digit of 61342?
6
What is the hundreds digit of 273?
2
What is the units digit of 1985?
5
What is the hundreds digit of 441?
4
What is the thousands digit of 1273?
1
What is the tens digit of 3447?
4
What is the units digit of 12201?
1
What is the ten thousands digit of 19173?
1
What is the thousands digit of 157153?
7
What is the units digit of 15245?
5
What is the tens digit of 11971?
7
What is the units digit of 756?
6
What is the thousands digit of 6676?
6
What is the thousands digit of 53326?
3
What is the tens digit of 2658?
5
What is th